o(22).
2, 5, 7, 67
Let p(t) be the second derivative of 11*t**3/3 + 3*t**2 + 6*t. Let c be p(1). Let o = 116 - c. List the prime factors of o.
2, 11
Suppose -1766 = 8*x - 534. Suppose 6*k = 3*k - 303. Let j = k - x. List the prime factors of j.
53
Let o(b) = -431*b - 48. Let a = 205 + -207. What are the prime factors of o(a)?
2, 11, 37
Let o be -8 - (6/3 + -5)*2. Let q(n) be the third derivative of -n**6/60 + n**5/20 + n**4/12 - n**3/6 + 2*n**2. What are the prime factors of q(o)?
23
Suppose 5*c - 5*g = 275, 4*g - 279 = -5*c + 5*g. Let k be 2/(-13) + c/26. Suppose -k*w + w = -4. What are the prime factors of w?
2
Let l be ((-2)/6)/((-1)/15). Suppose -l*g - g = -1428. Suppose 3*d - 15 = 0, d + g = -3*v + 6*v. List the prime factors of v.
3
Let l(x) = x**2 + 14*x + 13. Suppose 99 = -u - 3*u + o, 0 = -4*u + 2*o - 94. What are the prime factors of l(u)?
5, 13
Suppose -2*d - 5*m = -69, 2*d + 2*m = 65 - 11. Suppose -11*r + d*r = 4554. List the prime factors of r.
2, 3, 23
Let o = 303 + -735. Let q = -225 - o. List the prime factors of q.
3, 23
Let x = -192 + 182. List the prime factors of (6 + 366/9)*(-132)/x.
2, 7, 11
Suppose -5*d + 13*c - 14*c = -25, 4*c = 5*d. Suppose -2670 = -3*f - 4*r + 6*r, -3*f + d*r + 2670 = 0. What are the prime factors of f?
2, 5, 89
Let i be 4*((-12)/(-3))/4. Suppose -i*k + 739 = 43. Let s = k + -100. List the prime factors of s.
2, 37
Let b(o) = 61*o**2 - 14*o + 21. Let z be b(-8). Suppose -1620 = -2*h - u, -5*h - 4*u - z = -10*h. List the prime factors of h.
809
Suppose 4*p - 2*a - 662 = -4634, -4975 = 5*p - 5*a. Let f = 1839 + p. What are the prime factors of f?
2, 53
Let p(w) = 19*w**3 - w + 4. Let i be p(3). Let q = -142 + i. Let b = q - 130. List the prime factors of b.
2, 11
Suppose -5*z + 250 = -205. Suppose -o + z = j, 5*j - 247 = -3*o + 26. What are the prime factors of o?
7, 13
Suppose f - 2 = -s - 1, -s = -5*f - 19. Let p be 120 - ((-3)/6)/(f/(-12)). Suppose 5*x = j - 124, -2*x - 2*x = -j + p. What are the prime factors of j?
2, 3, 19
Suppose -3*i + 934*h - 938*h = -19705, 3*i = 5*h + 19723. List the prime factors of i.
6571
Let x(m) = m**3 - 10*m**2 + 9*m + 16. Suppose -2*r = -0*r - 4, 0 = 2*k + r - 8. Let d be (2/(-5))/(((-9)/75)/k). List the prime factors of x(d).
2, 53
Let p be ((-2)/(-5))/((-12)/10)*-24. Suppose 0 = -11*n - p*n + 57. Suppose 8*v - 4*v + 2*c - 602 = 0, -n*v - 3*c = -450. List the prime factors of v.
151
Let t = 268 - 54. Suppose -21*l = -20*l - t. What are the prime factors of l?
2, 107
Suppose y + 6*l - 172 = 7*l, -2*y = -4*l - 340. Let j = -108 + y. What are the prime factors of j?
2, 3, 11
Suppose 10 + 0 = -o. List the prime factors of -4*(-18)/(-48)*o.
3, 5
Let k(m) = -5*m - 36. Let q be k(-8). Suppose -4*b + 8*t - 3*t = 1342, 2*b = q*t - 668. What are the prime factors of b*1*(-3)/12*2?
13
Suppose -3*m = 6, -39 = -146*z + 145*z - 2*m. Let g = 6 + 41. Let n = g + z. List the prime factors of n.
2, 3, 5
Let c(a) be the second derivative of -11/6*a**3 - 1 - a + 33/2*a**2 + 4/3*a**4 - 1/20*a**5. List the prime factors of c(14).
271
Let s(k) = -k**2 - 16*k - 10. Let f be s(-15). Let g(n) = -7*n - f*n - n + 8 - 5*n. List the prime factors of g(-7).
2, 67
Let n(m) = m**3 - 22*m**2 + 69*m. What are the prime factors of n(20)?
2, 5, 29
Let s be (-2 - -5) + (-1*8 - -3). What are the prime factors of (-163)/(-1) - (2*-3 - s)?
167
Suppose 5*r = 5, 3*r = 2*n - 4 - 1. Suppose -a + 1298 = -n*i, 25*a = 20*a + 5*i + 6415. List the prime factors of a.
2, 3, 71
Let m(x) = -17*x**3 - 94*x**2 + 192*x + 231. Let j(b) = -3*b**3 - 19*b**2 + 38*b + 46. Let q(l) = -11*j(l) + 2*m(l). What are the prime factors of q(18)?
2, 79
Suppose -n + w = n - 6, -4*n + 6 = w. Suppose x + 1228 = 3*o, 3*x = -n*o + 4*o - 821. What are the prime factors of o?
409
Let d(k) = 319*k**2 + 14*k - 378. What are the prime factors of d(-10)?
2, 13, 17, 71
Let a = -125 - -132. Let k(p) = -2*p**3 + 15*p**2 + 6*p - 60. What are the prime factors of k(a)?
31
Let y(a) = -39*a**2 - 4*a - 6. Let b be y(5). What are the prime factors of 5 + -7 - -5 - b?
2, 251
Let u(l) = l**3 - 17*l**2 + 27*l + 41. Let o be u(18). Let i = o + -355. What are the prime factors of i?
2, 31
List the prime factors of (11/5 - 1) + (-28825830)/(-2475).
2, 7, 13
Suppose -3*m + 3*c + 239 = 59, 5*c = -2*m + 141. Let i = m - 57. Suppose 7*o + i*o = 2912. What are the prime factors of o?
2, 7
Suppose 2*t = -t + 24. Let v be ((-1435)/140 + 10/8)*11/(-3). What are the prime factors of ((-42)/t + 6)*8*v?
2, 3, 11
Suppose i - 659 = 32. Suppose 3*c + 4*b = 5773, c + 4*b - 1220 = i. List the prime factors of c.
1931
List the prime factors of ((-195)/780)/((-1)/195848).
2, 24481
Let c(z) = 2954*z**2 + 171*z - 512. What are the prime factors of c(3)?
11, 2417
Let f(u) = 5*u**2 - 249*u + 251. List the prime factors of f(89).
5, 3539
Let l = 325 - 270. What are the prime factors of (-1370)/(-75)*l - 2/(-6)?
3, 5, 67
Let b be 6/4 - 100/(-8). Suppose 5*m = 3*m + c - 11, 4*c - 2 = 2*m. Let v = b - m. What are the prime factors of v?
3, 7
Suppose -35*x + 1832643 = 62*x - 1610178. List the prime factors of x.
3, 11831
Let t(q) = -5*q**3 + 11*q**2 + 12*q - 5. Let n be t(-8). Let o = n + -1850. List the prime factors of o.
13, 101
Suppose 0*m - 2*m + 18 = -5*r, 2*m - 16 = 4*r. What are the prime factors of (4/12)/(1/(-1086)*r)?
181
Let o = 617 - 610. Suppose -o*b = -14*b + 3619. What are the prime factors of b?
11, 47
Let p(f) = -11*f + 5*f + 1 + 230*f**2 + 0*f. What are the prime factors of p(2)?
3, 101
Let q = 173 + -271. Let x = -26 - q. Suppose -x = -c - 3*c. List the prime factors of c.
2, 3
Let v(p) = p**3 + 10*p**2 + 23*p - 1. Let c be v(-6). Suppose 0 = 4*u + 2*x + 2*x - 2612, 0 = c*x + 5. What are the prime factors of u?
2, 3, 109
Suppose i - 856 - 162 = 0. Suppose 53 = 3*w - i. What are the prime factors of w?
3, 7, 17
Suppose 93*i - 87*i - 1146 = 0. What are the prime factors of i?
191
Let x(q) = q**3 + 28*q**2 + 23*q + 57. Let f be x(-26). Suppose f = -6*p + 2305. List the prime factors of p.
3, 83
List the prime factors of 2615 + (-4 - (-20 - -10)).
2621
Let s(z) = -58*z + 1393. List the prime factors of s(11).
5, 151
Let x(j) = 3*j**2 - 34*j + 133. Let o be x(18). Let r = 50 + o. List the prime factors of r.
3, 181
Let g = 12777 + 8871. List the prime factors of g.
2, 3, 11, 41
Let b(z) = -z**3 + 21*z**2 - 17*z - 15. Let s be b(20). Let a = s + -58. Let u(t) = t**3 + 13*t**2 - t - 8. List the prime factors of u(a).
5
Let d(b) = 60*b - 4. Let s = 56 + -50. What are the prime factors of d(s)?
2, 89
Suppose -x + 1812 = m - 269, -4*m - 3*x = -8319. Suppose -14*g + m - 494 = 0. List the prime factors of g.
113
Suppose -5*t = -3*r - 11808, -3*r + 2270 = t - 106. Let z = -1596 + t. List the prime factors of z.
2, 3
Suppose 0 = 54*x - 57*x + 60. Suppose -89*h - x = -93*h. Suppose o = -4*k - o + 464, -10 = -h*o. List the prime factors of k.
5, 23
Suppose 2*m + 2*j = 3*j - 21, -2*j - 30 = 4*m. What are the prime factors of (-3972)/(-10) - m/(-45)?
397
Let w(u) = u**3 - 22*u**2 + 2. Let s be w(22). Suppose -s*d = m - 172, 2*d + 74 = 5*m + 234. List the prime factors of d + -5*(-1)/1.
2, 3, 5
Let n = 2473 - -3105. List the prime factors of n.
2, 2789
Let r be (0 - -1)/(2/(-6)). Let k(w) = 7*w**2 + 4*w - 1. Let s(c) = -13*c**2 - 7*c + 3. Let j(v) = r*s(v) - 5*k(v). What are the prime factors of j(5)?
101
Suppose x + 2*x = 3*z - 3, -3*z = 4*x - 17. Let m be (2 - (5 - z))/(-3). Suppose 3*f + f - 24 = -p, m = 3*f + 12. List the prime factors of p.
2, 5
Suppose 4*b - 2*l - 4216 = 0, 3*b - 5*l - 1758 = 1418. Suppose -4*j - 1168 = -2*n + b, 5*n = -8*j + 5496. What are the prime factors of n?
2, 3, 23
Let k(l) = -2*l**3 - 6*l**2 + 17*l + 54. Let n be k(-5). Suppose 12*c - 37 = -m + 7*c, 3*m - n = -c. What are the prime factors of m?
2, 11
Let n be (14/35)/((-1)/15). Let k(c) = -3*c**3 - 11*c**2 + 4*c. Let f be k(n). Suppose -2*s + 6*s = f. What are the prime factors of s?
3, 19
Let k(n) = 4233*n**2 + 27*n - 93. List the prime factors of k(3).
3, 5, 2539
Suppose 4*h - 20372 = -2*y + 1636, 4*y - h - 44061 = 0. List the prime factors of y.
2, 5507
Let w(q) = -q**3 - 15*q**2 + 5*q + 75. Let m be w(-15). Suppose m = 10*g - 3648 + 348. What are the prime factors of g?
2, 3, 5, 11
Let p be (4 - -